culate f(7).
7
Let s(o) = -o - 7. Calculate s(-12).
5
Let s(c) = 4*c - 3. Calculate s(5).
17
Let c(a) = 23*a + 51. Calculate c(-3).
-18
Let y(g) = -g**2 - 2*g + 1. Give y(2).
-7
Let o(p) = -p**2 - 3*p - 2. Determine o(-3).
-2
Let c(a) = 36*a - 867. What is c(24)?
-3
Let k(u) = -5*u + 16. Give k(2).
6
Let c(t) = 18*t - 8. Give c(-4).
-80
Let f(b) = 2*b - 26. Give f(12).
-2
Let k(c) = -2*c - 24. What is k(-10)?
-4
Let k(o) = -o**3 - 12*o**2 - 10*o + 5. Give k(-11).
-6
Let r(i) = -4*i**2 + 84*i + 14. Calculate r(21).
14
Let r(m) = 15*m**3 + 2*m**2 - 5*m - 7. Calculate r(-1).
-15
Let c(k) = 2*k + 49. What is c(-24)?
1
Let h(z) = -5*z - 2. Determine h(-3).
13
Let m(h) = h**2 - 8*h - 8. Calculate m(-1).
1
Let o(a) = a**2 + 10*a + 9. Determine o(-9).
0
Let f(b) = -19*b - 162. Determine f(-9).
9
Let s(y) = y**2 + 13*y - 6. What is s(-10)?
-36
Let r(s) = 2*s**2 + 27*s + 19. Give r(-16).
99
Let i(b) = -2*b - 16. Determine i(-3).
-10
Let z(l) = -9*l - 181. Determine z(-15).
-46
Let z(o) = 8*o**2 - o - 2. Give z(-1).
7
Let y(k) = -5*k - 14. Give y(-5).
11
Let h(r) = r**3 + 18*r**2 - r - 22. Give h(-18).
-4
Let k(t) = 2*t**2 + 11*t - 23. Calculate k(-7).
-2
Let d(x) = -25*x + 21. What is d(1)?
-4
Let w(j) = -j**2 + j + 5. Determine w(4).
-7
Let r(p) = -p**3 + 41*p**2 + 86*p. What is r(43)?
0
Let o(w) = -w**2 + 19*w - 38. Give o(2).
-4
Let t(u) = 5*u + 16. What is t(-2)?
6
Let l(v) = v**3 - v**2 + 2. Calculate l(-1).
0
Let h(x) = 2*x**2 - 2*x + 1. What is h(3)?
13
Let p(h) = 2*h**3 + 2*h**2 - 2*h - 1. Calculate p(2).
19
Let s(x) = 2*x - 19. Calculate s(11).
3
Let k(g) = 9*g - 277. Determine k(31).
2
Let m(c) = 37*c + 1. Determine m(1).
38
Let z(p) = -3*p + 2. What is z(0)?
2
Let w(t) = 2*t - 8. What is w(7)?
6
Let f(y) = -2*y**2 + 6*y - 9. Calculate f(4).
-17
Let w(u) = u**2 - 24*u + 112. Give w(18).
4
Let r(o) = -2*o + 29. What is r(14)?
1
Let c(r) = r**2 + 5*r + 6. Determine c(-8).
30
Let y(g) = -g + 15. Give y(12).
3
Let v(r) = 2*r**2 - 6*r + 25. Calculate v(5).
45
Let j(f) = -f**2 + 12*f - 12. Give j(6).
24
Let a(q) = 6*q + 4. Calculate a(3).
22
Let q(o) = o**3 + 18*o**2 + 3*o + 41. Calculate q(-18).
-13
Let f(v) = -v + 5. Determine f(9).
-4
Let l(f) = -117*f + 1282. Determine l(11).
-5
Let p(v) = -5*v - 48. Determine p(5).
-73
Let q(j) = -j**3 + 19*j**2 + 23*j - 29. Determine q(20).
31
Let f(c) = c**3 - 5*c**2 + 3*c - 57. Give f(6).
-3
Let r(h) = -3*h**2 + 5*h - 24. What is r(6)?
-102
Let c(s) = -3*s - 56. What is c(-23)?
13
Let h(q) = q**2 - 3*q - 40. Determine h(-6).
14
Let h(z) = z**3 + 2*z**2 - z - 2. What is h(-3)?
-8
Let r(l) = -l**3 - l**2 - 5. What is r(0)?
-5
Let s(y) = 3*y**2 - 33*y + 4. Give s(11).
4
Let w(i) = i**3 - 4*i**2 - 94*i + 12. Calculate w(-8).
-4
Let i(h) = h**3 + h**2 + h - 2. Give i(1).
1
Let o(k) = -2*k - 57. Determine o(-24).
-9
Let p(f) = 2*f**2 + 3*f - 3. Determine p(-3).
6
Let l(c) = c**2 - c - 12. Calculate l(5).
8
Let u(a) = a**2 - 14*a - 7. Calculate u(15).
8
Let a(s) = 2*s**2 + 13*s + 3. Determine a(-4).
-17
Let z(k) = 2*k**2 + 24*k + 17. What is z(-9)?
-37
Let x(b) = b - 8. Give x(12).
4
Let o(w) = w**2 - 3*w - 31. Give o(18).
239
Let g(m) = -m**2 - 7*m - 4. Calculate g(-4).
8
Let o(t) = t**2 - 12*t - 13. Calculate o(12).
-13
Let o(i) = -i**3 + 5*i**2 + 14*i - 9. Give o(7).
-9
Let s(w) = -5*w - 31. What is s(-7)?
4
Let q(b) = -b**3 + 10*b**2 + 3*b - 28. Determine q(10).
2
Let d(p) = -5*p**3 - 35*p**2 + 2*p + 3. Determine d(-7).
-11
Let a(f) = -f**3 + 9*f**2 - 10*f + 18. Calculate a(8).
2
Let r(g) = g**2 + 13*g + 24. Calculate r(-9).
-12
Let p(k) = -2*k - 2. Determine p(9).
-20
Let h(g) = -g**3 - 2*g**2 + 2. Determine h(-2).
2
Let s(y) = -2*y**2 - 6*y + 4. Give s(-4).
-4
Let o(b) = 2*b**2 + 26*b + 31. Determine o(-12).
7
Let o(b) = -13*b + 19. Determine o(2).
-7
Let a(v) = v + 5. Calculate a(4).
9
Let s(o) = 4*o + 4. Determine s(7).
32
Let k(x) = x**3 - 9*x**2 + 4*x + 6. Give k(9).
42
Let c(m) = -64*m - 70. Calculate c(-2).
58
Let w(m) = -3*m + 66. Determine w(22).
0
Let n(i) = -i - 6. Give n(8).
-14
Let c(a) = a**2 - 17*a + 14. Calculate c(10).
-56
Let p(o) = -3*o**3 + 4*o**2 + 2*o - 8. Determine p(2).
-12
Let k(x) = -x**2 + 8*x + 1. What is k(9)?
-8
Let d(o) = -o + 7. Calculate d(0).
7
Let y(d) = d**2 + 11*d - 25. What is y(-12)?
-13
Let d(b) = 4*b**2 + 5*b - 45. Calculate d(0).
-45
Let a(p) = 8*p - 3. Give a(-2).
-19
Let y(x) = -x + 61. Give y(20).
41
Let a(v) = v**3 - 6*v**2 + v + 8. What is a(6)?
14
Let c(d) = d**2 + 20*d + 10. Give c(-21).
31
Let t(n) = -n**2 - 12*n - 16. Calculate t(-7).
19
Let a(s) = 10*s + 2. Determine a(1).
12
Let a(b) = -b**2 - 9*b + 8. What is a(-13)?
-44
Let t(c) = 3*c**2 + 3*c - 3. What is t(-3)?
15
Let q(u) = u**2 + 9*u - 37. Determine q(-11).
-15
Let h(a) = 3*a**2 + 2*a. Give h(-2).
8
Let z(o) = 4*o**3 + 2*o**2 - 2*o + 1. What is z(1)?
5
Let l(f) = f**3 - 2*f**2 - 9*f + 11. Give l(4).
7
Let l(p) = p**3 - 9*p**2 + 10*p - 1. Calculate l(7).
-29
Let t(v) = 25*v - 296. Calculate t(12).
4
Let x(s) = -2*s**3 - 7*s**2 - 3*s + 4. Calculate x(-4).
32
Let y(h) = h**3 - 33*h**2 + 35*h - 101. Give y(32).
-5
Let v(b) = 3*b**2 + 7*b + 3. What is v(-2)?
1
Let w(a) = a**2 + 10*a + 6. Give w(-7).
-15
Let n(g) = -2*g**2 + 21*g + 14. Give n(11).
3
Let c(u) = u**2 - 17*u + 16. Give c(13).
-36
Let u(f) = -f - 3. Calculate u(-10).
7
Let w(t) = -t**2 - 8*t - 23. What is w(-7)?
-16
Let s(l) = -l - 76. Determine s(-67).
-9
Let i(u) = -13*u - 10. Determine i(-7).
81
Let k(p) = p**3 - 2*p**2 + p - 5. Determine k(2).
-3
Let k(y) = -5*y**2 + 51*y + 22. Give k(11).
-22
Let k(q) = -9*q + 29. What is k(9)?
-52
Let i(r) = -10*r**3 - 3*r**2 + 6*r - 4. Give i(1).
-11
Let d(w) = w**3 + 11*w**2 - 11*w + 17. Give d(-12).
5
Let i(s) = -s**3 - 13*s**2 + 14*s + 22. What is i(-13)?
-160
Let b(m) = 2*m**2 + 5*m + 2. Give b(-3).
5
Let p(g) = g**3 + 6*g**2 - 2. Give p(-6).
-2
Let x(k) = -k**3 - 7*k**2 + k + 6. What is x(-7)?
-1
Let c(v) = -8*v + 47. Give c(-12).
143
Let o(g) = 8*g**2 - 1. Determine o(1).
7
Let o(n) = 3*n + 6. Determine o(12).
42
Let m(s) = s**3 + 6*s**2 + 5*s - 2. Determine m(-4).
10
Let o(y) = -28*y**3 + y**2 - 3*y + 1. Calculate o(1).
-29
Let q(u) = u**2 - 16*u - 85. What is q(21)?
20
Let z(j) = -2*j**2 - 20*j - 11. What is z(-10)?
-11
Let i(s) = s**2 - 11*s - 1. Determine i(12).
11
Let n(w) = w**3 - 32*w**2 + 38*w - 224. What is n(31)?
-7
Let g(l) = -15*l**2 + 2. Determine g(-2).
-58
Let k(i) = 3*i - 66. Calculate k(22).
0
Let n(p) = -p**3 + 18*p**2 - 16*p - 17. Give n(17).
0
Let k(h) = h**2 - 27*h - 96. Determine k(30).
-6
Let g(k) = k - 5. Give g(0).
-5
Let w(h) = h**3 + 17*h**2 + 16*h - 5. Give w(-16).
-5
Let r(u) = -28*u - 264. Give r(-9).
-12
Let n(g) = -g**2 - 12*g - 3. Calculate n(-8).
29
Let m(y) = -y**3 - 8*y**2 - y - 1. Give m(-8).
7
Let l(b) = -b**3 - 5*b**2 - 2*b + 2. Calculate l(-2).
-6
Let l(d) = 29*d + 83. Calculate l(-3).
-4
Let q(d) = -d**2 + 10*d + 7. Determine q(10).
7
Let n(x) = -x**3 - 10*x**2 + 11*x. Determine n(-11).
0
Let p(f) = -f**3 - 10*f**2 + 11*f - 10. What is p(-11)?
-10
Let v(g) = g**3 - g**2 + g - 12. Give v(0).
-12
Let n(o) = 2*o - 12. Determine n(7).
2
Let p(u) = -30*u**2 + 2*u + 4. Give p(-1).
-28
Let j(s) = -s - 3. Calculate j(-12).
9
Let s(q) = -18*q**3 + 2*q**2 + 2*q + 1. Calculate s(-1).
19
Let u(z) = 24*z**3 + 2*z**2 - z - 2. Calculate u(-1).
-23
Let c(m) = -7*m + 120. Calculate c(17).
1
Let f(d) = -d**3 - 6*d**2 + 5*d + 5. Give f(-7).
19
Let b(t) = t**2 - 9*t - 8. What is b(7)?
-22
Let b(y) = y**2 - 14*y - 19. Determine b(17).
32
Let w(m) = -4*m + 2. Determine w(3).
-10
Let p(s) = s**2 - 8*s + 12. What is p(8)?
12
Let k(z) = z**2 + 13*z + 1. What is k(-13)?
1
Let n(l) = -l**2 + 9*l + 159. What is n(18)?
-3
Let j(o) = -11*o - 4. Calculate j(-3).
29
Let p(t) = -t**2 - 12*t + 15. What is p(-11)?
26
Let m(l) = l**3 - 8*l**2 + 7*l - 3. Calculate m(7).
-3
Let s(v) = 2*v**2 + 3*v - 11. Calculate s(-3).
-2
Let k(h) = -28*h + 70. Determine k(4).
-42
Let d(l) = l**3 - 2*l + 1. Determine d(1).
0
Let a(h) = -h**3 + 8*h**2 - 6*h + 10. What is a(7)?
17
Let i(c) = -c**2 + 22*c - 19. Calculate i(16).
77
Let y(g) = -10*g**3 - 2*g + 1. Calculate y(1).
-11
Let n(y) = -y**3 + 2*y - 9. What is n(0)?
-9
Let n(t) = -41*t + 169. What is n(4)?
5
Let w(h) = -h**2 - 9*h - 4. What is w(-11)?
-2